- -2) + 111 + -102 - -4) + 37?
53
(-37 - -21 - -3) + 0 - 5
-18
Evaluate (21 + 8 + -31 - -5) + -34.
-31
What is the value of 16 + (-56 - -71) + (23 - 1)?
53
What is the value of 13 - (18 - (63 + -36))?
22
(-8 - -39) + 38 - 57
12
What is 58 + -11 - (-327 + 426)?
-52
10 + (-15 - (-17 - (13 + -14))) + 59
70
Evaluate -89 + -2 + -1 + -3 + 242 + -223.
-76
What is (-141 + 64 - -18) + 59?
0
Evaluate 388 + -341 + (-56 - 2).
-11
68 - (5 + -22 + 21 + (-5 - -1 - 8))
76
What is 14 + (-44 - 10) + 11 - 4?
-33
Calculate 31 + -17 + (-49 - (-12 - -3)) + -12.
-38
Calculate -12 + -1 - (-5 + (32 - (40 - 17))).
-17
50 + 2 + 6 + -109
-51
Calculate (15 - -10) + (-70 + 34 - -25).
14
Evaluate 56 - (-2 + 8 + -23 - -3) - 8.
62
Evaluate (3 - -3) + -8 - 3 - (-8 + (-12 - 28)).
43
(71 - 4) + -62 + (14 - 1)
18
Evaluate 27 + -41 + 5 - (74 - (-3 - 0)).
-86
-12 + (-10 + (47 - 7) - -21)
39
(-6 - (-1 + (2 - -3) - 35)) + -917 + 919
27
Calculate 105 + -46 + 30 + 24 - ((2 - 0) + 4).
107
Calculate -153 - (-194 + 146) - -172.
67
Calculate 21 - (76 + -23 + 52 + -32).
-52
Evaluate (-9 - -4 - 1) + -41 + 1 + -9.
-55
Evaluate -1 + 164 - (-25 - ((-71 - -54) + -30)).
141
Calculate -1043 + 1028 - ((-5 - 87) + -4).
81
What is the value of (65 - 82 - 28) + 98?
53
Calculate -20 + (36 - (-22 + 25)) - 8.
5
-64 - (-17 + 10 + -27)
-30
Evaluate 2 + (16 - ((8 - -4) + 3 - -11)).
-8
Evaluate 3 + (-64 + 31 - (-17 - -2)) + 15.
0
What is 2 + -1 + (-5 + -17 - (-19 - -57 - 82))?
23
What is the value of 2 + (55 - 48 - 9)?
0
What is -9 + -3 + (40 + -37 - -10) + 14?
15
-83 + 64 + (-26 - 1) + 12 + -5
-39
What is -3906 + 3945 + 30 + 0?
69
Evaluate 18 - (-17 - 61 - -70).
26
What is -21 - ((13 - -13) + (79 - 98))?
-28
-101 - (17 + -41) - -91
14
Evaluate -1298 + 1314 + (-47 - 3).
-34
What is 35 + -145 - ((-10 - (-18 + 10)) + -9)?
-99
Calculate -178 - -170 - ((-57 - 6) + 1).
54
What is the value of (-48 - 37) + 89 + -28 + 6?
-18
-2 + 0 + (5 - 1) + -3 + -4 - 10
-15
What is the value of 0 - ((-17 - (-14 - 5)) + -18) - 81?
-65
17 + (-4 - -7) + -12 + (-2 - (-42 + 1))
47
Evaluate (-4 - 5) + 3 + (37 - (-4 + 9)) + -16.
10
(32 - (28 - 20)) + (9 - 57)
-24
2206 - 2222 - ((2 - -38) + 1 + 0)
-57
(-50 + 78 - 19) + 35
44
29 - 1 - 6 - ((13 - -27) + -25)
7
Calculate -333 + -118 + 482 + (-6 - 2) + 0.
23
What is the value of (-2 + 2 + 15 - (-5800 + 5817)) + -37?
-39
What is the value of (-2 - -52) + (-1 - (-19 + (28 - 28)))?
68
-1 - 58 - (-33 + 17 + 11 + 17)
-71
16 + 38 + 44 - 74
24
Evaluate 12 - (4 - -19) - (-7 + 17 - 4).
-17
-1 + -3 + -3 - (-39 - (13 - -3)) - 10
38
What is (-207 - -111 - -109) + -48?
-35
What is the value of 21 - (162 + -190 + (139 - 1))?
-89
What is -77 + 88 + -14 - (-2 - 39)?
38
Calculate 46 - 25 - -28 - -10 - 4.
55
Calculate (7 - (4 - -9) - 5) + (24 - 63).
-50
2 + 62 + -3252 + 3234
46
Evaluate 34 - (-4 + (25 - (21 - 13)) + -8).
29
What is the value of -1119 + 1188 - (-4 + -2) - (-1 + 4)?
72
Calculate -9 - ((-1 - -8 - 0) + (74 - 24)).
-66
21 - (50 + -6 - -38) - 40
-101
Calculate 4 + (3 - (2 - 12) - (103 - 99)).
13
Calculate -5 - ((-10 - 5 - -4) + -22 - (10 + -11)).
27
What is -3 + (0 - -15) + -6 + (-8 - 26)?
-28
What is -42 + 38 + 9 + 26?
31
What is -47 + (-38 - -77) - -83?
75
What is the value of (24 - 2) + 83 + -134 + -10?
-39
What is the value of -54 + -66 + 61 + 88?
29
What is the value of -15 - ((-65 + 19 - -2) + -26)?
55
Evaluate 1025 + -1109 + 151 + 1.
68
Calculate 232 + -260 - (20 - -23).
-71
(14 - (-43 + 16)) + -6
35
What is the value of 25 - (61 + 19 + -50)?
-5
Evaluate (0 - 52) + (-50 - (-11 + -9) - -42).
-40
-10 + 22 + 2 + 5 + -13 + -1
5
What is the value of (16 - (0 + -20)) + -45 + 103?
94
Calculate 22 + -4 + -4 + -1 + (2 + -4 - -11).
22
Evaluate (-2 - (-9 - -6) - -6) + (-8 - 9 - -38).
28
-66 + 146 - (28 + 1)
51
What is (-76 - (-67 + 22)) + -15?
-46
Evaluate -30 + -5 + 6 + 17 + -34 + 9.
-37
-8 - (-4 + (14 - 11))
-7
What is -1283 + 1287 + -7 + (-2 - -2)?
-3
Evaluate 4 + 9 + 1 + (66 - (41 + 20)).
19
Evaluate (-39 - (83 - 39)) + 131.
48
Calculate 9 + (-10 + (-16 - -5) + 12 + 1 - -2).
3
Evaluate 52 - (-58 + 117 - -3).
-10
Evaluate -5 - 48 - (36 - 51 - 15).
-23
What is the value of 9 + (52 + -44 - (6 - -5))?
6
Evaluate (-41 - (-6 - (6 - 7))) + (11 - (-11 + 29)).
-43
Calculate -5 + -1 - -27 - (-32 + -29 + 63).
19
What is the value of -64 + 1 - (-717 + 682)?
-28
Evaluate -22 + (19 - ((12 - 12) + 4)) - -14 - -102.
109
What is the value of (2 - -3 - (0 + -5 - -83)) + 81 + -75?
-67
Calculate 3323 - 3373 - (0 - 6).
-44
Calculate (-6 - (-38 + 56)) + (-2 - -13) - 13.
-26
(125 - 53) + (-18 - 45)
9
Evaluate -40 + 13 - (-3 - 35) - (1 - (6 - -3)).
19
What is the value of -3 - (1 - -8) - (-321 - (68 + -261))?
116
What is 8 + (-21 - -17) - -24 - 64?
-36
0 + 14 + (-2 + (-29 - -9) - 26)
-34
Evaluate 76 + (80 - 78) + 3 + (-15 - -4).
70
3 + 19 + (-4 - 9 - -4)
13
What is the value of (3 + -18 - (22 + -1)) + -3?
-39
What is 25 - (-2 - -5) - (60 + (-75 - 0))?
37
What is (225 - 175) + -9 + -63?
-22
What is 3241 + -3174 - (-1 - -43)?
25
What is the value of (-49 + -16 - -106) + 2 + -3?
40
What is the value of 16 + 6 + -30 + 5 - 6?
-9
(0 - (7 + -2)) + (-36 - (-23 - -11))
-29
Calculate 0 - ((-6 - 2) + -23 - (-9 + -3)).
19
Evaluate -17 + (-23 + 28 - (62 - -2)).
-76
-12 + (4 - (-2 - -6)) + (-2 - -2)
-12
What is -30 + (-15 - -2 - -97) - -16?
70
What is the value of (22 - (-2 + -1) - 0) + (-45 - (32 - 68))?
16
Evaluate 69 + (11 - 19) + (34 - (-8 + 29)).
74
-3 + (-12 - -6) + -8 + 10
-7
What is the value of -1 + 2 + -10 + (-193 - -309 - 28)?
79
Calculate (1 - 1) + -2 + (18 - 39 - (-4 + -20)).
1
What is (6 - -117) + (894 - 935)?
82
0 - ((-11 - -14) + -2 - 12 - (-2 + -3))
6
Calculate (-31 - -29) + 25 + -25.
-2
-102 + 5 + 8 - (-26 - -46)
-109
What is 24 + (-134 - -67) - (24 + 2)?
-69
(-58 - -19) + (11 + -1 - (-73 + 83))
-39
What is 1 - (-2 - ((-23 - 0) + 0)) - (-2295 - -2293)?
-18
Evaluate (-2 - 4 - 0) + (-20 - (70 - 108)).
12
Calculate -47 - (34 + -12 - 75) - (0 + 29).
-23
Calculate (-2 + 31 - -1) + 2 + 63 + (39 - 95).
39
Evaluate -110 + (-11 - -4) - (0 + -27 + -251 + 265).
-104
What is the value of 7 + (-14 - (-2 - (2 - -8)))?
5
Calculate (-56 - (18 - 62 - -26)) + 33.
-5
What is -1 - (21 - 26 - -60)?
-56
Evaluate -39 - (1 - (-17 + 29) - (-3 - (4 + -4))).
-31
Evaluate -54 + (46 - 64) + 38 + (-8 - -4).
-38
Evaluate -222 + 168 - (4 + -56).
-2
What is the value of 19 + -2 - ((-19 + 8 - -64) + -10)?
-26
Evaluate (5 - (0 + 3)) + -3 - (6014 + -6015).
0
Evaluate -152 + 70 + 13 + 2 + 12.
-55
14 - ((-16 - 4) + 0 + 30)
4
Evaluate (-48 - (-92 - 16)) + -74.
-14
Evaluate 2 + ((-2 - 9) + -49 + 62 - (2 - -44)).
-42
Calculate -15 + 3 + (115 - 100) + (-1 - -18).
20
-128 + 55 - (-35 - -21)
-59
Evaluate 5 + (20 - (-2 - (-16 - 3))) - (-31 + 0).
39
Evaluate 16 + 0 - (-625 + 711).
-70
Evaluate 11 + (57 - (11 + 45)).
12
What is 11 - (56 - 41 - (8 - 30))?
-26
Calculate 7 + (-3 - -7) - (-420 + 460).
-29
Evaluate -145 + (19 - -7) - -20 - -19.
-80
Calculate 2 + -5 + (1 + 4 - 1 - (7 - 31)).
25
What is (7 - (-13 + 3)) + -265 + 249?
1
What is -11 - (-3 + 3) - (-520 + 539)?
-30
What is the value of -10 - (17 + (-13 - (-4 + -12) - 4))?
-26
25 - 44 - ((0 - -14) + -133)
100
What is -38 + 0 - (1001 - 1036)?
-3
Evaluate 895 + -933 - (2 + -3 - -30).
-67
What is the value of 97 - (-111 + 247) - (-30 - 1)?
-8
What is the value of -7 - ((-6 - 102) + 11)?
90
Calculate 143 + -227 + 86 - (1 + 43 + (-1 - 1)).
-40
Calculate (-5 + 11 - ((33 - 16) + (-2 - 8))) + 30.
29
(1 - 4) + -5 + 18 + -17 + (-80 - -155)
68
What is (2 - (0 + 4 - -5)) + (0 - -46)?
39
What is -38 + 50 + -20 - 24 - 23?
-55
41 - (-20 + (109 - 42))
-6
31 + -9 + (7 + -16 - -13) + -6 + 9
29
What is the value of (49 - 21 - -38) + -53?
13
What is 63 + 5 + -10 + -9 - (-13 - -1)?
61
What is the value of 5 - (-3 + (3 - (10 - (8 - -1))) + 125)?
-119
What is -7 + 5 + -65 + 58?
-9
Evaluate (-72 - (-25 + 41)) + -11 - -38.
-61
Calculate 1 - 12 - (-112 - (-129 + 13)).
-15
What is the value of -5 + 1 + (88 - 36 - 7)?
41
What is the value of 29 + -43 + 32 + -28?
-10
-40 + -2 - -7 - (192 - 108)
-119
What is the value of 10 + (7 - (43 + -34 - 16)) + -1 + 70?
93
-11 + 21 + (-18 + 1 - -21)
14
What is -22 - ((-55 + 131 - 64) + (-18 - 1))?
-15
Evaluate -4 - (10 + 2 + 0 + (1165 - 1168)).
-13
What is 232 - 215 - (0 - 11)?
28
Evaluate (3 - 